 factor of m and k?
10
Suppose 5*n - 729 = 2*j, 576 = 4*n - 0*j + 2*j. What is the greatest common divisor of n and 116?
29
Suppose 122*k - 5616 = 114*k. Calculate the greatest common divisor of 26 and k.
26
Let b = -5 - -21. Let p be 20/90 + 4/27*12. What is the greatest common divisor of p and b?
2
Let f = 29 + -30. Let x(t) = -6*t - 2. Let i be x(f). What is the highest common factor of 10 and i?
2
Let u(n) = 5*n + 1. Let o be u(2). Let l be -5 + (154 - 8) + 2. Calculate the highest common factor of l and o.
11
Let u = -46 - -80. Let l be ((-2)/(-5))/((-1)/(-85)). Calculate the greatest common factor of u and l.
34
Suppose 4*q = 4 + 92. Let j(l) = -l + 18. Let k be j(18). Suppose -16 = -t - 5*c + 10, k = -3*t - 4*c + 34. Calculate the highest common divisor of q and t.
6
Let o be (-1 - 0)/(3/(-12)). Suppose -44 = -o*n + 8. Calculate the greatest common factor of n and 91.
13
Suppose -y + 11 = -2. Let b be (-1917)/(-5) + (4 - 22/5). Suppose 46 = 3*x - b. What is the highest common factor of x and y?
13
Let t be (-10)/(-4)*6/5. Let d be t/9*-4*3. Let i be (2/d)/((-3)/108). What is the highest common divisor of i and 6?
6
Suppose -v + 3*v = -2*i + 42, 0 = -4*v + 5*i + 48. What is the highest common factor of 68 and v?
17
Suppose 552 = 103*o - 95*o. What is the highest common factor of o and 46?
23
Suppose -5685 = -23*f - 441. What is the highest common divisor of f and 18?
6
Suppose -202 + 14 = -3*r - 4*n, 5*n = -20. Calculate the greatest common factor of 136 and r.
68
Let r be 1/(-4) + (-5526)/(-24). Let h be (r/(-6))/((-1)/3). What is the greatest common divisor of h and 23?
23
Let r be 45/12 - 4/(-16). Suppose -3*m + 6*m - 24 = 0. Suppose 0*k = -2*k + m. Calculate the highest common divisor of r and k.
4
Let j be 1/9*3 + 801/27. Calculate the highest common divisor of j and 270.
30
Suppose 0 = -20*s + 434 + 286. What is the highest common divisor of 90 and s?
18
Let r = -452 + 596. What is the greatest common factor of 36 and r?
36
Suppose 39 - 12 = 3*j. Suppose -6*m + 43 + 173 = 0. Suppose -3*t = -j*t + m. Calculate the highest common divisor of t and 24.
6
Let c = -1368 + 2456. What is the greatest common factor of 64 and c?
64
Let q(b) = 4*b**3 + 2*b**2 - 12*b + 5. Let l be q(2). What is the highest common factor of l and 35?
7
Suppose 5*h + 11 = 31. Suppose -h*s = 5*j - 63, -j - 5*s = j - 32. Suppose 0 = 7*z - j*z + 396. What is the highest common divisor of z and 9?
9
Let c = -965 + 968. What is the greatest common divisor of c and 570?
3
Let j = 11 + -9. Suppose 5*z - 68 + 58 = 0. Calculate the greatest common factor of j and z.
2
Suppose -2*z - 4 = -i, -10 = 3*z + 2*z. Let h be (i/3)/4 - -13. Calculate the greatest common divisor of h and 104.
13
Suppose 2*i + 65 = 5*z - 114, 0 = 5*z - 3*i - 176. Let s be (-2)/8 + z/4. Let m = s + -8. What is the highest common factor of 4 and m?
1
Let z(d) = 3*d**3 - 32*d**2 - 12*d + 23. Let o be z(12). What is the highest common divisor of 65 and o?
65
Let j(z) = 186*z**2 - 1 + 8 - 188*z**2 + 5*z - z**3. Let u be j(-5). Calculate the greatest common divisor of 19 and u.
19
Suppose 1108*t - 1118*t = -260. Let o = -30 + 56. What is the greatest common divisor of t and o?
26
Let k = 642 + -570. Calculate the highest common factor of k and 612.
36
Suppose -2*w + 33 = -87. Let g be 1218/51 + (6 - (-600)/(-102)). What is the greatest common divisor of g and w?
12
Let s(n) = 10*n + 5. Let v be s(4). Suppose 0 = 2*a - 0*a + 3*g + 36, -60 = 2*a - 3*g. Let j be a/10*195/(-26). What is the highest common factor of j and v?
9
Let z = -14 + 64. Suppose 0 = -4*i + 100. Calculate the greatest common factor of z and i.
25
Let d(w) = w**3 + 8*w**2 + 8*w + 9. Let i be d(-7). Suppose -4*m + 3*m - 58 = -3*v, 2*v = -2*m + 28. Calculate the highest common factor of i and v.
2
Let m = -2381 - -2656. Calculate the highest common factor of m and 99.
11
Suppose -5*h - 22 = -d, -h - 2*d - 2*d + 4 = 0. Let w be (-1 - -122)/(4/h). Let k = 261 + w. What is the greatest common factor of 20 and k?
20
Suppose -5*i + 6 = -3*i. Suppose -i*p + 2*v + 1919 = 2*p, -3*v = -2*p + 761. Calculate the highest common factor of 35 and p.
35
Suppose -w - 2 = -2*w. Suppose 0 = -p + w*p + l + 1, -p = -4*l - 24. Let s = p - -32. Calculate the greatest common divisor of s and 24.
12
Suppose -4*n + 2*m + 758 = 0, -4*n + 58 + 715 = -5*m. What is the highest common factor of n and 11?
11
Suppose 3*b = -b + 252. Let y be 2630/(-9) - (-14)/b. Let a = y - -457. What is the greatest common divisor of a and 15?
15
Suppose 0 = 5*h + 3*i - 113, 3*h - 2*i + 7*i = 71. Let m be 88/6*45/300*10. What is the greatest common divisor of m and h?
22
Suppose 5040 = h + 35*h. What is the highest common factor of h and 10?
10
Let p(n) = n**3 - 32*n**2 + 61*n + 6. Let s be p(30). What is the highest common divisor of s and 76?
4
Let m be 1*(26 + (3 - 5)). Let h be 6/(-21) + 741/21. Let g be (-14)/h - 604/(-10). What is the greatest common divisor of m and g?
12
Suppose 0 = -w + 2*w + 3*a - 13, -4*w + 16 = 3*a. Let v be 2/(-2) + (-11)/w. Let r be 1 - 33*8/v. What is the highest common divisor of 115 and r?
23
Let h(d) = 292*d**2 + 16*d - 2. Let y be h(-2). Calculate the greatest common factor of 21 and y.
21
Let g(b) = 2*b**2 - 9*b - 9. Let s be g(-1). Suppose -3*x + k + 95 = 0, -x - s*k - 157 = -6*x. Calculate the highest common factor of 3 and x.
3
Let q = -1140 - -1228. Let p(o) = 8*o**2 - o + 1. Let w be 0 - -1 - (-1 + 1). Let z be p(w). Calculate the greatest common factor of z and q.
8
Let b = -677 - -763. Calculate the greatest common divisor of b and 602.
86
Let w(r) = -4*r**3 - 7*r**2 - 5*r - 4. Let f be w(-4). Suppose 14*s - 5*x = 483, 5*x - 58 - 35 = -4*s. What is the greatest common factor of f and s?
32
Let o(u) = -52*u + 16. Let j be (10/(-30))/((-2)/(-42)). Let r be o(j). Suppose 3*d - r = -80. What is the highest common factor of 25 and d?
25
Let y = 42 + -38. Suppose 111 + 353 = y*u. What is the highest common factor of u and 29?
29
Let s = 11 + -9. Suppose o - 5*o = 3*d - 298, -4 = s*o. Suppose 2*g = 4*z - d, 5*z + 37 = -g + 154. Calculate the greatest common factor of 36 and z.
12
Let j be 208/3 - 22/(-33). What is the highest common factor of j and 560?
70
Let f be -5*8/8*-4. Calculate the greatest common factor of f and 44.
4
Suppose 0 = -4*f + f - 66. Let j = 13 + f. Let s be (12/j)/1*-3. What is the greatest common factor of 4 and s?
4
Let n = 150 - -116. Calculate the highest common factor of n and 56.
14
Let c(p) = 3*p**3 - 4*p**2 + 5*p - 2. Let j be c(4). Suppose -20*k + 130 = -22*k. Let h = k + j. What is the greatest common factor of 9 and h?
9
Suppose 1650*i + 63 = 1657*i. What is the highest common divisor of 99 and i?
9
Let i be 27 + (0 - (-2 + 3)). Let g(o) = 22*o - 32. Let j be g(5). What is the highest common factor of j and i?
26
Let u(x) be the first derivative of 1/2*x**2 + 8*x - 9. Let z be u(-4). What is the greatest common factor of 8 and z?
4
Let o = 768 + -712. What is the greatest common divisor of 32 and o?
8
Suppose -k - k = 5*v - 12, -4*v = k - 9. Let z be k + (14 - 1) + 20 + -17. Calculate the greatest common factor of 187 and z.
17
Let q(f) = f + 4. Let d be (-1 + 2)*-3 + 1. Let c be q(d). Let g be (1 - (-54 - c)) + 1. Calculate the greatest common factor of g and 145.
29
Suppose 2*p + 133 = 149. Suppose -y - 3 = 0, -5*q - y - 32 + 129 = 0. What is the greatest common factor of p and q?
4
Suppose 1776 = 40*l - 35*l - a, 5*a - 20 = 0. What is the highest common factor of 267 and l?
89
Suppose 13 = o + 3*q - 8, -2*o = 2*q - 38. Suppose 0*k + 5*f + 1 = 3*k, 0 = -2*k - f + o. What is the highest common factor of k and 126?
7
Let k = 785 - 410. Calculate the greatest common divisor of 15 and k.
15
Let x = -118 - -125. Calculate the highest common divisor of x and 161.
7
Suppose -4*d = -0 + 4, -3*u + d + 526 = 0. What is the greatest common divisor of 70 and u?
35
Suppose -j = 4*z - 27, -3*j + 14 + 18 = 5*z. Suppose 406 = z*k - 0*k. What is the highest common factor of k and 406?
58
Let m = 84 + -14. Let r = 94 - m. What is the highest common factor of r and 24?
24
Let f(a) = -a**3 - 5*a**2 + 8*a + 5. Let h be f(-6). Let c = h + 16. Calculate the highest common divisor of c and 99.
9
Suppose -4*g + 3 = -5. Suppose 0 = 2*q - 